{"id":54,"date":"2023-02-07T19:07:00","date_gmt":"2023-02-07T19:07:00","guid":{"rendered":"https:\/\/toulon-irish-sessions.magavel.ovh\/?page_id=54"},"modified":"2023-02-08T18:44:30","modified_gmt":"2023-02-08T18:44:30","slug":"54-2","status":"publish","type":"page","link":"https:\/\/toulon-irish-sessions.magavel.ovh\/","title":{"rendered":""},"content":{"rendered":"<div class=\"wp-block-image\">\n<figure class=\"alignright size-full is-resized\"><img loading=\"lazy\" decoding=\"async\" src=\"https:\/\/toulon-irish-sessions.magavel.ovh\/wp-content\/uploads\/2023\/02\/sessionToulon-edited.jpg\" alt=\"\" class=\"wp-image-62\" width=\"360\" height=\"225\" srcset=\"https:\/\/toulon-irish-sessions.magavel.ovh\/wp-content\/uploads\/2023\/02\/sessionToulon-edited.jpg 960w, https:\/\/toulon-irish-sessions.magavel.ovh\/wp-content\/uploads\/2023\/02\/sessionToulon-edited-300x188.jpg 300w, https:\/\/toulon-irish-sessions.magavel.ovh\/wp-content\/uploads\/2023\/02\/sessionToulon-edited-768x480.jpg 768w\" sizes=\"auto, (max-width: 360px) 100vw, 360px\" \/><\/figure>\n<\/div>\n\n\n<p><\/p>\n\n\n\n<p><\/p>\n\n\n\n<p><\/p>\n\n\n\n<p>Bienvenue sur le site des amoureux de la musique celtique de Toulon et sa r\u00e9gion.<\/p>\n\n\n\n<p>Vous pouvez nous suivre sur: &nbsp;<a rel=\"noreferrer noopener\" href=\"https:\/\/www.facebook.com\/groups\/437311331541973\" target=\"_blank\">https:\/\/www.facebook.com\/groups\/437311331541973<\/a>&nbsp;&nbsp;<\/p>\n\n\n\n<p>La session irlandaise est un rassemblement de joueurs de musique traditionnelle irlandaise qui joue ensemble, d\u2019une fa\u00e7on d\u00e9contract\u00e9e et informelle. Les musiciens ne se connaissent pas forc\u00e9ment entre eux. Ils partagent un r\u00e9pertoire commun de m\u00e9lodies traditionnelles irlandaises, connues par c\u0153ur. Chacun peut tour \u00e0 tour lancer une m\u00e9lodie ou une suite de m\u00e9lodies.<\/p>\n\n\n\n<p>Sur la r\u00e9gion de Toulon, nous nous retrouvons sur deux lieux embl\u00e9matiques de la musique celtique varoise&#8230;<\/p>\n\n\n\n<ul class=\"wp-block-list\">\n<li>au Bouc Ness tous les premiers mercredis de chaque mois,<\/li>\n\n\n\n<li>au Ma\u00e9lys caf\u00e9 tous les troisi\u00e8mes jeudis de chaque mois.<\/li>\n<\/ul>\n\n\n\n<p>Des sessions se d\u00e9roulent aussi sur Marseille tous les lundis au Grady&rsquo;s pub.<\/p>\n","protected":false},"excerpt":{"rendered":"<p>Bienvenue sur le site des amoureux de la musique celtique de Toulon et sa r\u00e9gion. Vous pouvez nous suivre sur: &nbsp;https:\/\/www.facebook.com\/groups\/437311331541973&nbsp;&nbsp; La session irlandaise est un rassemblement de joueurs de&hellip;&nbsp;<a href=\"https:\/\/toulon-irish-sessions.magavel.ovh\/\" class=\"\" rel=\"bookmark\">Lire la suite &raquo;<span class=\"screen-reader-text\"><\/span><\/a><\/p>\n","protected":false},"author":1,"featured_media":0,"parent":0,"menu_order":0,"comment_status":"closed","ping_status":"closed","template":"","meta":{"neve_meta_sidebar":"","neve_meta_container":"","neve_meta_enable_content_width":"","neve_meta_content_width":0,"neve_meta_title_alignment":"","neve_meta_author_avatar":"","neve_post_elements_order":"","neve_meta_disable_header":"","neve_meta_disable_footer":"","neve_meta_disable_title":"","_EventAllDay":false,"_EventTimezone":"","_EventStartDate":"","_EventEndDate":"","_EventStartDateUTC":"","_EventEndDateUTC":"","_EventShowMap":false,"_EventShowMapLink":false,"_EventURL":"","_EventCost":"","_EventCostDescription":"","_EventCurrencySymbol":"","_EventCurrencyCode":"","_EventCurrencyPosition":"","_EventDateTimeSeparator":"","_EventTimeRangeSeparator":"","_EventOrganizerID":[],"_EventVenueID":0,"_OrganizerEmail":"","_OrganizerPhone":"","_OrganizerWebsite":"","_VenueAddress":"","_VenueCity":"","_VenueCountry":"","_VenueProvince":"","_VenueZip":"","_VenuePhone":"","_VenueURL":"","_VenueStateProvince":"","_VenueLat":"","_VenueLng":"","footnotes":""},"class_list":["post-54","page","type-page","status-publish","hentry"],"_links":{"self":[{"href":"https:\/\/toulon-irish-sessions.magavel.ovh\/index.php?rest_route=\/wp\/v2\/pages\/54","targetHints":{"allow":["GET"]}}],"collection":[{"href":"https:\/\/toulon-irish-sessions.magavel.ovh\/index.php?rest_route=\/wp\/v2\/pages"}],"about":[{"href":"https:\/\/toulon-irish-sessions.magavel.ovh\/index.php?rest_route=\/wp\/v2\/types\/page"}],"author":[{"embeddable":true,"href":"https:\/\/toulon-irish-sessions.magavel.ovh\/index.php?rest_route=\/wp\/v2\/users\/1"}],"replies":[{"embeddable":true,"href":"https:\/\/toulon-irish-sessions.magavel.ovh\/index.php?rest_route=%2Fwp%2Fv2%2Fcomments&post=54"}],"version-history":[{"count":26,"href":"https:\/\/toulon-irish-sessions.magavel.ovh\/index.php?rest_route=\/wp\/v2\/pages\/54\/revisions"}],"predecessor-version":[{"id":151,"href":"https:\/\/toulon-irish-sessions.magavel.ovh\/index.php?rest_route=\/wp\/v2\/pages\/54\/revisions\/151"}],"wp:attachment":[{"href":"https:\/\/toulon-irish-sessions.magavel.ovh\/index.php?rest_route=%2Fwp%2Fv2%2Fmedia&parent=54"}],"curies":[{"name":"wp","href":"https:\/\/api.w.org\/{rel}","templated":true}]}}